ase 8) to base 16.
-2ede
Convert 1111213 (base 4) to base 14.
1dd5
Convert -584 (base 12) to base 2.
-1100110100
Convert -3516 (base 15) to base 8.
-26007
-22506 (base 9) to base 7
-61464
-21102 (base 6) to base 13
-13ac
Convert -111101111000100 (base 2) to base 6.
-402404
387 (base 15) to base 11
66a
Convert -54636 (base 8) to base 16.
-599e
Convert 10007 (base 12) to base 11.
14648
-1401053 (base 6) to base 7
-443301
-4443 (base 8) to base 2
-100100100011
What is -1a6 (base 12) in base 6?
-1130
47e (base 16) to base 2
10001111110
Convert 7206 (base 12) to base 6.
133210
Convert -1046 (base 9) to base 6.
-3323
1300 (base 5) to base 8
310
-14106 (base 11) to base 12
-b764
What is -5bbd (base 15) in base 14?
-718c
-8605 (base 9) to base 13
-2b55
What is 32 (base 16) in base 6?
122
-1023 (base 4) to base 2
-1001011
What is -657 (base 8) in base 12?
-2bb
Convert -12121202 (base 3) to base 9.
-5552
-1543 (base 10) to base 16
-607
What is -40025 (base 7) in base 16?
-2597
What is -72 (base 15) in base 10?
-107
Convert 263 (base 12) to base 4.
11223
-3ca (base 16) to base 7
-2554
13071 (base 14) to base 10
46747
What is 61007 (base 9) in base 14?
10886
-320 (base 12) to base 7
-1221
-132000 (base 4) to base 3
-2122010
Convert 4589 (base 10) to base 4.
1013231
20d (base 14) to base 3
120000
Convert -552 (base 10) to base 12.
-3a0
352 (base 8) to base 14
12a
What is 50c (base 15) in base 14?
5b3
Convert -1120 (base 10) to base 6.
-5104
Convert -8c (base 13) to base 9.
-138
Convert -30112 (base 5) to base 6.
-12455
8c8 (base 15) to base 10
1988
2544 (base 6) to base 15
2ca
-21001212 (base 3) to base 8
-12041
Convert 8de (base 15) to base 9.
2672
76201 (base 9) to base 11
34a07
What is -223 (base 5) in base 16?
-3f
Convert 174 (base 9) to base 16.
94
Convert -2644 (base 7) to base 4.
-33310
What is -642 (base 12) in base 5?
-12124
11312 (base 5) to base 7
2266
7ca (base 16) to base 15
8ce
Convert 101011011 (base 2) to base 5.
2342
12947 (base 15) to base 11
40751
Convert 13223 (base 6) to base 7.
5631
Convert 443 (base 14) to base 8.
1513
-8416 (base 9) to base 2
-1100000011011
What is 547 (base 9) in base 5?
3243
Convert -143264 (base 8) to base 5.
-3111433
Convert 10002 (base 15) to base 16.
c5c3
What is -110230 (base 4) in base 10?
-1324
What is -1391a (base 12) in base 15?
-810d
What is -6d (base 15) in base 10?
-103
What is 51 (base 8) in base 5?
131
What is -1130143 (base 5) in base 4?
-11003001
-4505 (base 7) to base 5
-22442
What is 129a4 (base 12) in base 16?
640c
1c01 (base 15) to base 8
13674
311c (base 15) to base 9
15210
1234 (base 6) to base 7
622
What is -370c (base 14) in base 6?
-112304
Convert 2020 (base 5) to base 10.
260
-2701 (base 10) to base 15
-c01
What is -130b (base 14) in base 4?
-310033
-12002212 (base 3) to base 10
-3722
What is -1c84 (base 15) in base 10?
-6199
What is -9581 (base 11) in base 4?
-3012001
Convert 10011 (base 2) to base 16.
13
What is 11001211 (base 3) in base 9?
4054
186b (base 15) to base 14
1ccc
869 (base 15) to base 8
3553
1391 (base 10) to base 15
62b
87a (base 13) to base 2
10110101101
What is -120420 (base 7) in base 4?
-11110323
Convert 429 (base 12) to base 4.
21201
-3100 (base 6) to base 7
-1665
110334 (base 5) to base 2
111100000100
What is -11010000 (base 2) in base 16?
-d0
Convert -1420 (base 8) to base 12.
-554
Convert -421 (base 8) to base 6.
-1133
Convert -149a2 (base 11) to base 3.
-1002000221
Convert -3065 (base 9) to base 4.
-203012
-21341 (base 5) to base 13
-892
-30320 (base 4) to base 2
-1100111000
Convert -110202 (base 3) to base 2.
-101011000
12245 (base 13) to base 14
c222
What is -1832 (base 11) in base 9?
-3173
What is 1734 (base 16) in base 10?
5940
Convert 3b4 (base 12) to base 4.
20320
What is -1748b (base 13) in base 3?
-2021100201
Convert -110231 (base 4) to base 12.
-925
-2100 (base 5) to base 7
-542
Convert -1012103 (base 4) to base 11.
-3420
-115224 (base 7) to base 12
-10213
Convert 2010 (base 4) to base 16.
84
-7147 (base 11) to base 9
-14013
What is 3ab (base 12) in base 7?
1433
-20122000 (base 3) to base 8
-11341
-450 (base 8) to base 6
-1212
Convert 1642 (base 9) to base 7.
3440
Convert 33542 (base 7) to base 11.
6434
Convert b36 (base 15) to base 16.
9de
Convert -22406 (base 7) to base 14.
-2106
What is -9a83 (base 15) in base 13?
-11ba1
What is -45456 (base 7) in base 13?
-534c
What is -1135 (base 7) in base 10?
-418
Convert -1224 (base 9) to base 11.
-760
What is 640e (base 15) in base 7?
115463
-82b (base 14) to base 16
-647
2201232 (base 5) to base 13
14205
Convert d50 (base 16) to base 5.
102113
What is 1034 (base 6) in base 8?
356
265 (base 8) to base 2
10110101
Convert 585 (base 14) to base 11.
908
Convert 967 (base 16) to base 3.
10022011
214 (base 14) to base 13
257
1c55 (base 13) to base 14
17cb
What is -1622 (base 12) in base 16?
-a3a
55204 (base 7) to base 14
5074
3340100 (base 5) to base 7
333233
What is -1200 (base 13) in base 12?
-1573
What is -22110020 (base 3) in base 8?
-14022
Convert a00 (base 11) to base 13.
721
What is -13211202 (base 4) in base 13?
-111b4
Convert -2203301 (base 4) to base 8.
-24361
What is 169 (base 11) in base 15?
d1
Convert -516 (base 8) to base 15.
-174
What is 3754 (base 16) in base 9?
21377
357b (base 13) to base 9
11305
-431 (base 9) to base 5
-2402
What is 6201 (base 7) in base 8?
4155
-11432 (base 5) to base 2
-1101100011
-101001 (base 2) to base 15
-2b
What is -1021012 (base 3) in base 5?
-12143
Convert -112021 (base 3) to base 6.
-1441
What is 146 (base 9) in base 10?
123
2965 (base 10) to base 15
d2a
Convert a8 (base 16) to base 14.
c0
What is -110111110011000 (base 2) in base 8?
-67630
What is 137a5 (base 12) in base 9?
41088
Convert 1d06 (base 16) to base 7.
30443
Convert -3260 (base 13) to base 7.
-26300
-507 (base 14) to base 7
-2610
Convert 4223 (base 5) to base 14.
2c3
Convert -2763 (base 9) to base 12.
-1256
Convert 21010 (base 3) to base 16.
c0
Convert 10010120011 (base 3) to base 15.
133ea
What is -16823 (base 9) in base 7?
-45555
What is 850 (base 16) in base 10?
2128
-29360 (base 10) to base 7
-151412
What is 61206 (base 7) in base 12?
8719
What is 41622 (base 8) in base 15?
51d3
What is -2b09 (base 12) in base 14?
-1ba9
Convert 4411 (base 5) to base 15.
2a6
-11331322 (base 4) to base 8
-57572
-1001100110 (base 2) to base 11
-509
Convert 56600 (base 7) to base 9.
21622
What is -131032 (base 5) in base 8?
-12026
What is -1273 (base 9) in base 8?
-1675
Convert 1031 (base 8) to base 14.
2a5
What is 5356 (base 7) in base 15?
86d
2774 (base 14) to base 12
4042
Convert -550b (base 12) to base 11.
-704a
What is -a69 (base 11) in base 9?
-1677
What is 10060 (base 8) in base 10?
4144
What is 111100100011101 (base 2) in base 11?
21327
What is -85 (base 13) in base 5?
-414
What is 33341 (base 5) in base 4?
210222
What is -1478 (base 16) in base 6?
-40132
-22012 (base 5) to base 13
-8bc
Convert -2352 (base 7) to base 14.
-462
Convert -13221 (base 4) to base 7.
-1266
Convert -4975 (base 12) to base 11.
-6263
What is -274 (base 8) in base 10?
-188
-34860 (base 10) to base 11
-24211
Convert 100144 (base 5) to base 16.
c66
What is 170 (base 13) in base 4?
10010
What is 55c (base 16) in base 12?
964
1413022 (base 5) to base 13
10354
What is -3444 (base 7) in base 12?
-889
What is -2166 (base 11) in base 12?
-179b
Convert 3022 (base 6) to base 13.
3bc
-16a76 (base 11) to base 9
-35727
Convert b70 (base 12) to base 4.
122010
What is -30243 (base 5) in base 14?
-9d2
1001111212 (base 3) to base 4
11010302
26062 (base 8) to base 6
124214
12032 (base 8) to base 7
21001
What is a0c (base 13) in base 10?
1702
What is 3080 (base 11) in base 8?
7761
Convert 1255 (base 7) to base 13.
2b0
Convert f0 (base 16) to base 15.
110
Convert 112021011 (base 3) to base 12.
6027
-1580 (base 13) to base 8
-6112
Convert 111201 (base 3) to base 14.
1c6
Convert 167 (base 15) to base 12.
22a
What is -570 (base 9) in base 4?
-13110
Convert -23410 (base 7) to base 13.
-2992
-efdd (base 16) to base 14
-18541
-66 (base 12) to base 14
-58
4778 (base 10) to base 7
16634
What is 4344 (base 5) in base 15?
29e
-114333 (base 5) to base 12
-261b
33023 (base 4) to base 7
2555
What is -3120 (base 6) in base 3?
-221210
What is -4b4 (base 14) in base 7?
-2514
Con